{"id":1236,"date":"2024-06-10T00:18:17","date_gmt":"2024-06-10T05:18:17","guid":{"rendered":"https:\/\/juacai6.dreamhosters.com\/dante\/?page_id=1236"},"modified":"2026-03-05T17:11:57","modified_gmt":"2026-03-05T22:11:57","slug":"plida","status":"publish","type":"page","link":"https:\/\/dantebogota.com\/b1\/plida\/","title":{"rendered":"PLIDA"},"content":{"rendered":"\n<div style=\"height:56px\" aria-hidden=\"true\" class=\"wp-block-spacer\"><\/div>\n\n\n\n<div style=\"margin-top:0px; text-align:center;\"><figure class=\"\"><img decoding=\"async\" src=\"https:\/\/dantebogota.com\/b1\/wp-content\/uploads\/2024\/08\/Logo-PLIDA-nuevo-1-1024x233.png\" alt=\"\" style=\"max-width: 80%; height: auto; \" width=\"\" height=\"\" title=\"logo_plida3\" loading=\"lazy\" role=\"img\"\/><\/figure><\/div>\n\n\n\n<div style=\"height:40px\" aria-hidden=\"true\" class=\"wp-block-spacer\"><\/div>\n\n\n\n<div style=\"height:59px\" aria-hidden=\"true\" class=\"wp-block-spacer\"><\/div>\n\n\n\n<div style=\"margin-left:0px; display: flex; align-items: center; justify-content: left; text-align:left;\">\n<div style=\"margin-left:35px; width:150px; height:150px; border-radius:75px; background-color: #FFED4E;\">&nbsp;<\/div>\n<div style=\"position: absolute; margin-left:0px;\">\n<span style=\"font: bold 60px\/50px Lato; letter-spacing:1px;\">Per tutti<\/span><br>\n<span style=\"font: normal 50px\/40px Times; letter-spacing:1px;\">i livelli e tutte le et\u00e0<\/span><\/div><\/div>\n\n\n\n<div style=\"height:54px\" aria-hidden=\"true\" class=\"wp-block-spacer\"><\/div>\n\n\n\n<ul class=\"wp-block-list\">\n<li style=\"margin-left:var(--wp--preset--spacing--40);font-size:20px;letter-spacing:0.5px\">Il<strong> PLIDA<\/strong>, ideato per gli adulti, offre esami per i livelli A2, B1, B2, C1 e C2, offrendo una valutazione completa delle quattro abilit\u00e0 linguistiche.<\/li>\n\n\n\n<li style=\"margin-left:var(--wp--preset--spacing--40);font-size:20px;letter-spacing:0.5px\">Il<strong> PLIDA Juniores<\/strong>, progettato per i ragazzi dai 13 ai 18 anni, con prove adatte alla loro et\u00e0 e al loro livello di conoscenza, con esami per i livelli A1, A2, B1 e B2.<\/li>\n<\/ul>\n\n\n\n<p style=\"font-size:20px;letter-spacing:0.5px\">Il certificato PLIDA \u00e8 riconosciuto da istituzioni accademiche, enti governativi e aziende, in Italia e all&#8217;estero.<\/p>\n\n\n\n<p style=\"font-size:20px;letter-spacing:0.5px\">Il PLIDA \u00e8 uno strumento prezioso per quanti desiderano:<\/p>\n\n\n\n<ul class=\"wp-block-list\">\n<li style=\"margin-left:var(--wp--preset--spacing--40);font-size:20px;letter-spacing:0.5px\"><strong>Dimostrare le proprie competenze linguistiche in contesti professionali.<\/strong> L&#8217;inserimento del certificato PLIDA nel curriculum vitae consente di valorizzare il proprio profilo.<\/li>\n\n\n\n<li style=\"margin-left:var(--wp--preset--spacing--40);font-size:20px;letter-spacing:0.5px\"><strong>Accedere all&#8217;universit\u00e0 italiana.<\/strong> Il superamento di un esame PLIDA di livello B2 o C1 esonera dal sostenimento del test di italiano.<\/li>\n\n\n\n<li style=\"margin-left:var(--wp--preset--spacing--40);font-size:20px;letter-spacing:0.5px\"><strong>Richiedere la cittadinanza italiana.<\/strong> Il conseguimento del PLIDA di livello B1 costituisce un requisito necessario per la presentazione della domanda di cittadinanza italiana.<\/li>\n\n\n\n<li style=\"margin-left:var(--wp--preset--spacing--40);font-size:20px;letter-spacing:0.5px\"><strong>Ottenere il permesso di lungo soggiorno.<\/strong> Il superamento di un esame PLIDA di livello A2 \u00e8 necessario per il rilascio del permesso di soggiorno di lunga durata in Italia.<\/li>\n<\/ul>\n\n\n\n<div style=\"height:54px\" aria-hidden=\"true\" class=\"wp-block-spacer\"><\/div>\n\n\n\n<div style=\"margin-left:0px; display: flex; align-items: center; justify-content: left; text-align:left;\">\n<div style=\"margin-left:0px; width:150px; height:150px; border-radius:75px; background-color: #FFED4E;\">&nbsp;<\/div>\n<div style=\"position: absolute; margin-left:45px;\">\n<span style=\"font: bold 60px\/50px Lato; letter-spacing:1px;\">Struttura<\/span><br>\n<span style=\"font: normal 50px\/40px Times; letter-spacing:1px;\">esami PLIDA<\/span><\/div><\/div>\n\n\n\n<div style=\"height:54px\" aria-hidden=\"true\" class=\"wp-block-spacer\"><\/div>\n\n\n\n<p style=\"font-size:20px;letter-spacing:0.5px\">Gli esami PLIDA sono strutturati in <strong>quattro prove<\/strong> che valutano le <strong>quattro abilit\u00e0 linguistiche<\/strong> principali: ascoltare, leggere, scrivere e parlare. Ogni prova \u00e8 valutata in trentesimi. Per superare l&#8217;esame, il candidato deve ottenere un punteggio minimo di 18\/30 in ciascuna prova. Il <strong>punteggio minimo<\/strong> <strong>complessivo <\/strong>per superare l&#8217;esame \u00e8 quindi di 72\/120. I candidati che non superano tre, due o una delle prove possono recuperare l\u2019abilit\u00e0 linguistica entro i 18 mesi dalla prima iscrizione all&#8217;esame completo.<\/p>\n\n\n\n<p style=\"font-size:20px;letter-spacing:0.5px\">Gli esami PLIDA si svolgono <strong>in tutto il mondo nelle stesse date:<\/strong><\/p>\n\n\n\n<div style=\"height:39px\" aria-hidden=\"true\" class=\"wp-block-spacer\"><\/div>\n\n\n\n<figure class=\"wp-block-image size-full\"><img loading=\"lazy\" decoding=\"async\" width=\"2000\" height=\"1414\" src=\"https:\/\/dantebogota.com\/b1\/wp-content\/uploads\/2026\/01\/Calendario-PLIDA-2026_1.png\" alt=\"\" class=\"wp-image-4337\" srcset=\"https:\/\/dantebogota.com\/b1\/wp-content\/uploads\/2026\/01\/Calendario-PLIDA-2026_1.png 2000w, https:\/\/dantebogota.com\/b1\/wp-content\/uploads\/2026\/01\/Calendario-PLIDA-2026_1-300x212.png 300w, https:\/\/dantebogota.com\/b1\/wp-content\/uploads\/2026\/01\/Calendario-PLIDA-2026_1-1024x724.png 1024w, https:\/\/dantebogota.com\/b1\/wp-content\/uploads\/2026\/01\/Calendario-PLIDA-2026_1-768x543.png 768w, https:\/\/dantebogota.com\/b1\/wp-content\/uploads\/2026\/01\/Calendario-PLIDA-2026_1-1536x1086.png 1536w, https:\/\/dantebogota.com\/b1\/wp-content\/uploads\/2026\/01\/Calendario-PLIDA-2026_1-18x12.png 18w\" sizes=\"auto, (max-width: 2000px) 100vw, 2000px\" \/><\/figure>\n\n\n\n<div class=\"wp-block-buttons is-content-justification-center is-layout-flex wp-container-core-buttons-is-layout-a89b3969 wp-block-buttons-is-layout-flex\">\n<div class=\"wp-block-button\"><a class=\"wp-block-button__link wp-element-button\">Modulo di iscrizione fra poco<\/a><\/div>\n<\/div>\n\n\n\n<div style=\"height:22px\" aria-hidden=\"true\" class=\"wp-block-spacer\"><\/div>\n\n\n\n<figure class=\"wp-block-image size-full\"><img loading=\"lazy\" decoding=\"async\" width=\"2000\" height=\"1414\" src=\"https:\/\/dantebogota.com\/b1\/wp-content\/uploads\/2026\/01\/Calendario-PLIDA-2026_2.png\" alt=\"\" class=\"wp-image-4338\" srcset=\"https:\/\/dantebogota.com\/b1\/wp-content\/uploads\/2026\/01\/Calendario-PLIDA-2026_2.png 2000w, https:\/\/dantebogota.com\/b1\/wp-content\/uploads\/2026\/01\/Calendario-PLIDA-2026_2-300x212.png 300w, https:\/\/dantebogota.com\/b1\/wp-content\/uploads\/2026\/01\/Calendario-PLIDA-2026_2-1024x724.png 1024w, https:\/\/dantebogota.com\/b1\/wp-content\/uploads\/2026\/01\/Calendario-PLIDA-2026_2-768x543.png 768w, https:\/\/dantebogota.com\/b1\/wp-content\/uploads\/2026\/01\/Calendario-PLIDA-2026_2-1536x1086.png 1536w, https:\/\/dantebogota.com\/b1\/wp-content\/uploads\/2026\/01\/Calendario-PLIDA-2026_2-18x12.png 18w\" sizes=\"auto, (max-width: 2000px) 100vw, 2000px\" \/><\/figure>\n\n\n\n<div class=\"wp-block-buttons is-content-justification-center is-layout-flex wp-container-core-buttons-is-layout-a89b3969 wp-block-buttons-is-layout-flex\">\n<div class=\"wp-block-button\"><a class=\"wp-block-button__link wp-element-button\">Modulo di iscrizione PLIDA JUNIORES fra poco<\/a><\/div>\n<\/div>\n\n\n\n<div style=\"height:100px\" aria-hidden=\"true\" class=\"wp-block-spacer\"><\/div>\n\n\n\n<h2 class=\"wp-block-heading has-text-align-center\" style=\"font-size:40px\">La certificazione PLIDA \u00e8 una valutazione linguistica di qualit\u00e0 progettata dalla Societ\u00e0 Dante Alighieri, membro attivo del CLIQ e affiliata all&#8217;ALTE.<\/h2>\n\n\n\n<div style=\"height:54px\" aria-hidden=\"true\" class=\"wp-block-spacer\"><\/div>\n\n\n\n<figure class=\"wp-block-image aligncenter size-full\"><img loading=\"lazy\" decoding=\"async\" width=\"250\" height=\"173\" src=\"https:\/\/dantebogota.com\/b1\/wp-content\/uploads\/2024\/08\/logo-cliq.png\" alt=\"\" class=\"wp-image-2130\" srcset=\"https:\/\/dantebogota.com\/b1\/wp-content\/uploads\/2024\/08\/logo-cliq.png 250w, https:\/\/dantebogota.com\/b1\/wp-content\/uploads\/2024\/08\/logo-cliq-18x12.png 18w\" sizes=\"auto, (max-width: 250px) 100vw, 250px\" \/><\/figure>\n\n\n\n<div style=\"height:27px\" aria-hidden=\"true\" class=\"wp-block-spacer\"><\/div>\n\n\n\n<p style=\"font-size:20px;letter-spacing:1px;line-height:1.55\">Il <strong>CLIQ, Certificazione Lingua Italiana di Qualit\u00e0, <\/strong>\u00e8 un sistema di certificazione sorto nel 2011 grazie ad una convenzione tra il Ministero degli Affari Esteri e i quattro enti certificatori della lingua italiana per stranieri: Societ\u00e0 Dante Alighieri, Universit\u00e0 per Stranieri di Siena, Universit\u00e0 per Stranieri di Perugia e Universit\u00e0 degli Studi Roma Tre. Il CLIQ <strong>nasce con l&#8217;obiettivo<\/strong> di promuovere una cultura della valutazione linguistica di qualit\u00e0 e di garantire un sistema di certificazione delle competenze linguistiche in linea con gli standard internazionali.<\/p>\n\n\n\n<div style=\"height:54px\" aria-hidden=\"true\" class=\"wp-block-spacer\"><\/div>\n\n\n\n<figure class=\"wp-block-image aligncenter size-full\"><img loading=\"lazy\" decoding=\"async\" width=\"329\" height=\"153\" src=\"https:\/\/dantebogota.com\/b1\/wp-content\/uploads\/2024\/08\/alte_logo.png\" alt=\"\" class=\"wp-image-2134\" srcset=\"https:\/\/dantebogota.com\/b1\/wp-content\/uploads\/2024\/08\/alte_logo.png 329w, https:\/\/dantebogota.com\/b1\/wp-content\/uploads\/2024\/08\/alte_logo-300x140.png 300w, https:\/\/dantebogota.com\/b1\/wp-content\/uploads\/2024\/08\/alte_logo-18x8.png 18w\" sizes=\"auto, (max-width: 329px) 100vw, 329px\" \/><\/figure>\n\n\n\n<div style=\"height:27px\" aria-hidden=\"true\" class=\"wp-block-spacer\"><\/div>\n\n\n\n<p style=\"font-size:20px;letter-spacing:1px;line-height:1.55\">L&#8217;<strong>ALTE (Association of Language Testers in Europe)<\/strong> \u00e8 un&#8217;associazione professionale che riunisce enti e organizzazioni che sviluppano e gestiscono esami di lingua in Europa e nel resto del mondo. Fondata nel 1990, l&#8217;ALTE ha sede a Bruxelles e conta oltre 250 membri provenienti da oltre 50 paesi.<\/p>\n\n\n\n<p class=\"has-medium-font-size\">Gli obiettivi principali dell&#8217;ALTE sono:<\/p>\n\n\n\n<p class=\"has-medium-font-size\">&#8211;&nbsp;&nbsp;&nbsp;&nbsp;&nbsp;&nbsp;&nbsp;Promuovere la valutazione linguistica equa e accurata.<\/p>\n\n\n\n<p class=\"has-medium-font-size\">&#8211;&nbsp;&nbsp;&nbsp;&nbsp;&nbsp;&nbsp;&nbsp;Sviluppare e sostenere standard di qualit\u00e0 per gli esami di lingua.<\/p>\n\n\n\n<p class=\"has-medium-font-size\">&#8211;&nbsp;&nbsp;&nbsp;&nbsp;&nbsp;&nbsp;&nbsp;Facilitare la collaborazione e lo scambio di esperienze tra i membri.<\/p>\n\n\n\n<p class=\"has-medium-font-size\">&#8211;&nbsp;&nbsp;&nbsp;&nbsp;&nbsp;&nbsp;&nbsp;Promuovere la ricerca e lo sviluppo nel campo della valutazione linguistica.<\/p>\n\n\n\n<div style=\"height:60px\" aria-hidden=\"true\" class=\"wp-block-spacer\"><\/div>\n\n\n\n<p><\/p>\n","protected":false},"excerpt":{"rendered":"<p>&nbsp; Per tutti i livelli e tutte le et\u00e0 Il certificato PLIDA \u00e8 riconosciuto da istituzioni accademiche, enti governativi e [&hellip;]<\/p>\n","protected":false},"author":1,"featured_media":0,"parent":0,"menu_order":0,"comment_status":"closed","ping_status":"closed","template":"","meta":{"_uag_custom_page_level_css":"","site-sidebar-layout":"default","site-content-layout":"","ast-site-content-layout":"default","site-content-style":"default","site-sidebar-style":"default","ast-global-header-display":"","ast-banner-title-visibility":"","ast-main-header-display":"","ast-hfb-above-header-display":"","ast-hfb-below-header-display":"","ast-hfb-mobile-header-display":"","site-post-title":"disabled","ast-breadcrumbs-content":"","ast-featured-img":"","footer-sml-layout":"","theme-transparent-header-meta":"","adv-header-id-meta":"","stick-header-meta":"","header-above-stick-meta":"","header-main-stick-meta":"","header-below-stick-meta":"","astra-migrate-meta-layouts":"set","ast-page-background-enabled":"default","ast-page-background-meta":{"desktop":{"background-color":"var(--ast-global-color-4)","background-image":"","background-repeat":"repeat","background-position":"center center","background-size":"auto","background-attachment":"scroll","background-type":"","background-media":"","overlay-type":"","overlay-color":"","overlay-opacity":"","overlay-gradient":""},"tablet":{"background-color":"","background-image":"","background-repeat":"repeat","background-position":"center center","background-size":"auto","background-attachment":"scroll","background-type":"","background-media":"","overlay-type":"","overlay-color":"","overlay-opacity":"","overlay-gradient":""},"mobile":{"background-color":"","background-image":"","background-repeat":"repeat","background-position":"center center","background-size":"auto","background-attachment":"scroll","background-type":"","background-media":"","overlay-type":"","overlay-color":"","overlay-opacity":"","overlay-gradient":""}},"ast-content-background-meta":{"desktop":{"background-color":"var(--ast-global-color-5)","background-image":"","background-repeat":"repeat","background-position":"center center","background-size":"auto","background-attachment":"scroll","background-type":"","background-media":"","overlay-type":"","overlay-color":"","overlay-opacity":"","overlay-gradient":""},"tablet":{"background-color":"var(--ast-global-color-5)","background-image":"","background-repeat":"repeat","background-position":"center center","background-size":"auto","background-attachment":"scroll","background-type":"","background-media":"","overlay-type":"","overlay-color":"","overlay-opacity":"","overlay-gradient":""},"mobile":{"background-color":"var(--ast-global-color-5)","background-image":"","background-repeat":"repeat","background-position":"center center","background-size":"auto","background-attachment":"scroll","background-type":"","background-media":"","overlay-type":"","overlay-color":"","overlay-opacity":"","overlay-gradient":""}},"footnotes":""},"class_list":["post-1236","page","type-page","status-publish","hentry"],"uagb_featured_image_src":{"full":false,"thumbnail":false,"medium":false,"medium_large":false,"large":false,"1536x1536":false,"2048x2048":false,"trp-custom-language-flag":false},"uagb_author_info":{"display_name":"cipollo","author_link":"https:\/\/dantebogota.com\/b1\/author\/cipollo\/"},"uagb_comment_info":0,"uagb_excerpt":"&nbsp; Per tutti i livelli e tutte le et\u00e0 Il certificato PLIDA \u00e8 riconosciuto da istituzioni accademiche, enti governativi e [&hellip;]","_links":{"self":[{"href":"https:\/\/dantebogota.com\/b1\/wp-json\/wp\/v2\/pages\/1236","targetHints":{"allow":["GET"]}}],"collection":[{"href":"https:\/\/dantebogota.com\/b1\/wp-json\/wp\/v2\/pages"}],"about":[{"href":"https:\/\/dantebogota.com\/b1\/wp-json\/wp\/v2\/types\/page"}],"author":[{"embeddable":true,"href":"https:\/\/dantebogota.com\/b1\/wp-json\/wp\/v2\/users\/1"}],"replies":[{"embeddable":true,"href":"https:\/\/dantebogota.com\/b1\/wp-json\/wp\/v2\/comments?post=1236"}],"version-history":[{"count":43,"href":"https:\/\/dantebogota.com\/b1\/wp-json\/wp\/v2\/pages\/1236\/revisions"}],"predecessor-version":[{"id":4384,"href":"https:\/\/dantebogota.com\/b1\/wp-json\/wp\/v2\/pages\/1236\/revisions\/4384"}],"wp:attachment":[{"href":"https:\/\/dantebogota.com\/b1\/wp-json\/wp\/v2\/media?parent=1236"}],"curies":[{"name":"wp","href":"https:\/\/api.w.org\/{rel}","templated":true}]}}